 units digit of c?
5
Suppose -n - 4*n = 0. Suppose n = -3*a + 14 - 5. Suppose 5*s = -8*k + a*k + 30, -4*s = -5*k - 42. What is the units digit of s?
8
Let a(u) = -u**3 + 9*u**2 - 4*u - 10. What is the tens digit of a(8)?
2
Let y(x) = -x**3 - 5*x**2 - 4*x + 1. Let g(r) = 2*r**2 + 0*r**2 - 3*r**2. Let k(u) = -g(u) - y(u). What is the units digit of k(-5)?
4
Suppose -4*h + 1 - 5 = 0. Let p = h + 5. Suppose 2*x = 5*d + 12, -3*d - 30 = -5*x - p*d. What is the units digit of x?
6
Let w(n) = -n**3 + 6*n**2 + 6*n + 5. Let k be w(7). What is the units digit of k + 5 + (0 - -24)?
7
Suppose -198 = 5*x + x. Suppose 0 = -3*i - 3*g - 45, 0 = -i - 2*i + 2*g - 35. Let f = i - x. What is the tens digit of f?
2
Let p = -32 + 21. Let v be 91/(-14) + 6/(-4). Let z = v - p. What is the units digit of z?
3
Let d(f) = f**3 - 2*f**2 + f - 4. What is the units digit of d(3)?
8
Suppose 3*c - 2*o = 2*c + 20, -5*o - 15 = 0. What is the units digit of c?
4
What is the units digit of (-94)/(-3) - (-5)/(-15)?
1
Let i = -9 - -11. Suppose i*y + 2*t - 25 = y, -12 = -3*t. What is the units digit of y?
7
What is the units digit of (-8)/40 + 62/10?
6
Suppose -2*i + 6 + 0 = 0. Suppose -i*k + 4*k - 4 = 0. What is the units digit of k?
4
Let i(q) = -q**2 + 4*q + 8. Let x be i(6). What is the units digit of 0 + 17 - (x - -5)?
6
Let x(y) = -y**2 + 8*y + 10. Let q be -20*3*(-6)/45. Let z be x(q). Suppose c + 0 = z. What is the units digit of c?
0
Suppose -d - 5*h = -39, -5*h + 34 + 83 = 3*d. What is the units digit of d?
9
Let l be ((-1)/(-2))/(3/12). Let f(h) = -h**3 + 3*h**2 + 2*h - 2. What is the units digit of f(l)?
6
Let a = -78 - -272. What is the units digit of a?
4
Let m be (-10)/40 + 349/4. Suppose -2*k - k = -m. What is the tens digit of k?
2
Let n be ((-1)/(-3))/(5/75). Let s = n + -3. What is the units digit of s?
2
Suppose 27*w - 24*w = 15. What is the units digit of w?
5
Let w(g) = g**2 - 4*g - 8. Let v be w(8). What is the units digit of (v/10)/((-9)/(-30))?
8
Let q be 6/(-8) - 30/(-8). Let o = q + -1. What is the units digit of o?
2
Let s(o) be the first derivative of -o**4/4 - o**3/3 + 2*o**2 + o + 3. What is the units digit of s(-3)?
7
Suppose 1380 = 3*u + 9*u. What is the tens digit of u?
1
Let d = 24 - 16. What is the units digit of d/(-10)*(-150)/4?
0
Let n(f) be the third derivative of -f**4/24 + f**3/6 - 2*f**2. What is the units digit of n(-4)?
5
Let h = 6 - 10. Let m = -22 + 23. What is the units digit of h/(-4) + (m - 0)?
2
Let m = 4 + 6. Suppose 2*r = r + 5, 3*u = 2*r + 44. Let t = u - m. What is the units digit of t?
8
Suppose 0 = 3*i - 8 - 4. Suppose -i*y = -3*g + 3, 0 = 5*y - 0*y + g + 18. Let j = 2 - y. What is the units digit of j?
5
What is the units digit of (6/(-9) - -1) + 1090/6?
2
Suppose 33 = 3*m + 4*d, 0 = -2*m - d + 4*d + 5. Let o = -2 + m. What is the units digit of o?
5
Let q(w) = 63*w - 8. What is the tens digit of q(2)?
1
Let o(v) be the first derivative of v**4/4 - 5*v**3/3 - 3*v**2/2 + 11*v + 4. What is the units digit of o(6)?
9
Let s be 40/(-12) + 4/(-6). Let v(l) = -l**2 - 6*l - 6. What is the units digit of v(s)?
2
Let p(h) = h**3 + 8*h**2 + h - 7. Let n(v) = -v**2 - v + 1. Let r(w) = 5*n(w) + p(w). Let l be r(-4). What is the units digit of 3/((-10)/6 - l)?
9
Suppose -2*m - 3*m = -90. Suppose -m = j + 2*j. Let q(i) = -i - 2. What is the units digit of q(j)?
4
Suppose -3*w - 11 = -5*d, 2*d = 2*w + 2*w - 4. Suppose 0 = -f + 6 - d. What is the units digit of f?
2
Suppose -915 = -3*d - d + 5*n, -2*d - 5*n = -435. What is the units digit of d?
5
Suppose 569 + 2819 = 11*q. What is the units digit of q?
8
Let w = 12 - 10. Suppose -w*d + 4 = -8. What is the units digit of d?
6
Let c be ((-13)/26)/(2/(-8)). Suppose 42 = -0*a + c*a. What is the tens digit of a?
2
Suppose 4*c + 104 = 8*c. What is the units digit of c?
6
Let d be (4*-1)/(3 + -4). Let n(y) = -d*y**2 - 2 + 0 - 2*y**3 - 3*y + y**3. What is the units digit of n(-4)?
0
Suppose -g - 3*g + 148 = 0. Suppose -11 = -4*c + g. What is the tens digit of c?
1
Let a(m) = -3*m**2 - 3*m - 2. Let q be a(-3). Let w be (-228)/q + (-4)/10. Suppose -n = -w - 0. What is the units digit of n?
1
Let h(f) = 12*f**2 + f + 5. What is the units digit of h(-2)?
1
What is the hundreds digit of ((-20)/6 - 0)*14700/(-250)?
1
Let a(y) = 4*y + 16. What is the tens digit of a(11)?
6
Suppose -2*n = n - 6. Suppose -n*v + 2*a + 42 = 0, 0 = -0*v - v - 2*a + 18. What is the tens digit of v?
2
Let s(k) = k**3 - 10*k**2 + 9*k + 10. What is the tens digit of s(9)?
1
Let q(s) = -s**3 - 12*s**2 - 5*s - 16. Suppose 2*c + 34 = 10. What is the units digit of q(c)?
4
Suppose -8*w - 80 = -10*w - 3*z, 5*w - z = 166. What is the units digit of w?
4
Let i = 7 + 146. What is the units digit of i?
3
Let z = 385 + -275. What is the tens digit of z?
1
Let l be (1 + 92)*(-1)/3. Let c = l - -53. What is the units digit of c?
2
Suppose -4*k - 60 = -3*w, -2*k - 2*w - 3*w = 56. Let n = k - -10. Let q = n - -12. What is the units digit of q?
4
Suppose 2*c - 19 - 51 = 5*k, -k - 129 = -5*c. What is the units digit of c?
5
What is the units digit of 4/1 + (3 - -38)?
5
Suppose 0*a + 3*a = 9. Let d(p) = -2*p**3 - 4*p**2 - 7*p. Let n be d(-3). Suppose -a*j + n = 9. What is the units digit of j?
0
Suppose -4*w - 7 = m - 3*w, -2*w = 6. What is the units digit of 2 + -2 - m - 0?
4
Let v(x) = 1 - 4*x**2 - x**2 + x**3 - 6*x**3 + 4*x**3 - 2*x. What is the units digit of v(-5)?
1
Suppose u + 2 = -k - 2*k, 3*u + 4*k - 4 = 0. Let r(s) = s**2 - 3*s - 3. What is the units digit of r(u)?
1
Let y(z) = z**3. Let o be (-4)/6 - 4/12. Let x be y(o). Let q = 10 + x. What is the units digit of q?
9
Let k(v) = 12*v**2 - v. Let c be k(1). Let y(f) = -f**2 + 11*f + 4. What is the units digit of y(c)?
4
Let k(r) = -r**2 + r + 9. Let i be k(0). Let n = 11 - i. Suppose -h + 2 = -3*g, 2 = h - n*g - 2. What is the units digit of h?
8
Suppose 2*w - 16 = -2*w. What is the units digit of w?
4
Suppose -5*t + 134 = -56. Let l be (1 + -5)*(-324)/(-48). Let y = t + l. What is the units digit of y?
1
Suppose 3*h - 2*d = 59 + 32, 3*h - 5*d = 97. Let c = -1 + h. What is the tens digit of c?
2
Suppose -j + 3*l = 16, 4*j - 2*l = -0 - 14. Let a be j + (0 - (-1)/1). Suppose 0 = i - a*i - 2. What is the units digit of i?
2
Let x(z) = -z**3 + 4*z - z - 1 - 2*z**2 - 4. What is the units digit of x(-4)?
5
Let y = -9 + 14. Suppose y*k + 9 = 2*q, 3*q = 2*q - 2*k. Suppose v + 2 = q*t, 2*t + 4*v = -3*t + 18. What is the units digit of t?
2
Let d be (-2)/6*(-6)/1. Suppose n + d*n = 15. What is the units digit of n?
5
Suppose -2*g + 68 + 80 = 0. What is the units digit of g?
4
Suppose 268 = 10*h - 82. What is the units digit of h?
5
Suppose 2*w + 0*j + 7 = -5*j, w + 2*j + 1 = 0. Suppose -13 = -4*i - 5*t, 4*i - w = 5*t + 34. What is the units digit of i?
7
Suppose 0 = -3*x - w - w - 192, 3*w + 189 = -3*x. What is the tens digit of -3 - (x/3 + -1)?
2
Let v(s) = s + 7. Let n be v(-4). Suppose -n*c + b + 39 = -0*b, -5*b + 15 = 0. What is the units digit of c?
4
Suppose -298*u + 293*u + 1820 = 0. What is the hundreds digit of u?
3
Suppose 0 = c + 2*c - 6. Let g = 11 + c. What is the units digit of g?
3
Suppose o - 44 = 30. What is the tens digit of o?
7
Suppose 0*n - 460 = -4*n. Suppose -6*v + 11*v = n. What is the tens digit of v?
2
Suppose 2*l = -13 - 1. Let n be -1 + -1 - (9 + -2). Let h = l - n. What is the units digit of h?
2
What is the tens digit of 2/4*138 - -2?
7
Let x(j) = 2*j**2 + 4*j - 6. Let n be x(4). Let c = -27 + n. What is the units digit of c?
5
What is the units digit of (-1467)/(-36) - (-1)/4?
1
Let y(h) be the second derivative of h**5/20 - h**4/4 - h**3/6 + 3*h**2/2 + 2*h. What is the tens digit of y(4)?
1
Let d(s) be the second derivative of s**5/20 + s**4/3 - s**3/6 - s**2 - s. Let k = -6 - -2. What is the units digit of d(k)?
2
Suppose -8*i = -5*i - 6. Suppose -7 = i*p + 1, -2*u = p - 4. What is the units digit of u?
4
Let b(i) = -i**2 + 17*i - 22. What is the units digit of b(15)?
8
Let q(r) = -r**3 - 3*r - 2. What is the tens digit of q(-3)?
3
Let n = -13 - -8. What is the units digit of (-12)/(-15)*n/(-2)?
2
What is the hundreds digit of 1 - 1/4 - 1290/(-8)?
1
Let l(q) = -q**3 - 5*q**2 - 2*q - 5. Let c be l(-5). Suppose -c*o + 89 = -4*t, 24 = -4*o - 5*t + 87. What is the 